pose -5*h - 6*f + 4*f + 432 = 0, -5*h - 5*f = -435. List the prime factors of h.
2, 43
Let j(y) = -y**3 + 8*y**2 + 2*y - 2. Let z(g) = g - 5. Let n be z(6). Let h be 6*n + 6/3. List the prime factors of j(h).
2, 7
Suppose -4*z + 3*z = -33. List the prime factors of z.
3, 11
Let l(n) = n + 44. Let i be l(0). Suppose 0 = -4*v - 8 + i. What are the prime factors of v?
3
Let a be 3/(-12)*-2*-20. Let f = -5 - a. Suppose -3*q + 2*q = -f. What are the prime factors of q?
5
Let w(a) = -a**3 + 5*a**2 - 6*a + 2. Let r be w(4). Let y be ((-40)/r)/(1/3). Let j = -12 + y. What are the prime factors of j?
2
Suppose -3 + 5 = o. Suppose o*q - 4 = q. What are the prime factors of q?
2
Let s(k) be the second derivative of k**4/12 + 4*k**3/3 + 2*k**2 - k. Let t be (-7)/(-21) + 56/(-6). List the prime factors of s(t).
13
Let j be (-4)/(-10) - 46/(-10). Let l = 22 - j. List the prime factors of l.
17
Let g be 28 + (-2 - -1 - 0). Suppose 0 = -2*l + w + g, -5*l + 2*w + 83 - 14 = 0. What are the prime factors of l?
3, 5
Suppose 3*q + 12 = 5*q. Suppose -q*s = -3*s - 6. List the prime factors of s/(-10) - 180/(-25).
7
Suppose 5*z - 13 = -3. Let b(s) = -2*s**2 + 6*s**z + 1 + 2 - s - 3*s. What are the prime factors of b(2)?
11
Let b = -180 - -318. Suppose 18 = -5*l + b. What are the prime factors of l?
2, 3
Let t(i) = -i + 6*i**2 - 2*i**3 + 6*i + 6 + 3*i**3. Let q be t(-5). Suppose -5*a + 3 = -x, 2*x + 2*a - q = -0*x. What are the prime factors of x?
2
Suppose 2*l - 7*l + 665 = 0. List the prime factors of l.
7, 19
Let f = 2 - 0. Suppose t - j - 1 = -f*t, -j + 15 = 5*t. What are the prime factors of t?
2
Suppose 3*o + 5 = 14. Let q = -4 + o. What are the prime factors of (-249)/(-12) + q/(-4)?
3, 7
Let v = -11 + 23. What are the prime factors of v?
2, 3
Let v be (12/10)/(6/20). Suppose v*t + 3 = -17. What are the prime factors of (10/4)/(t/(-10))?
5
Suppose 4*c - 85 = 3*i, 5*c - 3*i - 145 = -7*i. What are the prime factors of c?
5
Suppose 0 = -4*o - 6*n + n + 1, 26 = 5*o - 2*n. Suppose o*y - 89 + 13 = 0. List the prime factors of y.
19
Suppose 0 = 2*c - 10, -m + 2*c + 185 - 39 = 0. What are the prime factors of m?
2, 3, 13
Suppose 14 = 6*a - 28. Suppose 5*s - a*s + 78 = 0. What are the prime factors of s?
3, 13
Let q(k) = -2*k**3 - 3*k**2 - 2*k - 3. Let o be q(-2). Suppose 7 + 8 = o*w. What are the prime factors of w?
3
Suppose -3*l = -l - 16. What are the prime factors of (-40)/32*l*-2?
2, 5
Let t be 2/3 + (-104)/(-6). Let p(o) = -o**3 + 7*o**2 + 2. Let m be p(7). Suppose m*u - 2 = t. List the prime factors of u.
2, 5
Suppose -3*z + 3*s = -27, -4*z = 3*s + 2 - 17. Let q be 1*(-1)/2*z. What are the prime factors of ((-1)/(-2))/(q/(-114))?
19
Suppose 0 = 5*n + 3*t - 58, -t - 16 = 3*t. What are the prime factors of n/(-6)*81/(-9)?
3, 7
Let d = 0 + -3. Let z(o) = -18*o + 2. What are the prime factors of z(d)?
2, 7
Let s(t) = -3*t**3 + 24*t**2 - 24*t + 41. Let k(j) = j**3 - 8*j**2 + 8*j - 14. Let u(r) = 17*k(r) + 6*s(r). What are the prime factors of u(6)?
2
Suppose -4*c = -111 + 7. List the prime factors of c.
2, 13
Let i(p) = 3*p + 2. Let j(q) = -q**3 + 9*q**2 + 2*q - 6. Let l be j(9). Let x be (-8)/(-3) - l/18. List the prime factors of i(x).
2
Let n = 6 + -4. Suppose -21 = -3*i - 2*f - n*f, f = -3. List the prime factors of i.
11
Let g = 8 - -30. What are the prime factors of g?
2, 19
Suppose 2*r - 594 + 2 = 0. List the prime factors of r.
2, 37
Let h = 8 - -33. List the prime factors of h.
41
Let a(m) = m**2 + 7*m + 12. List the prime factors of a(-7).
2, 3
Suppose 3*c + 33 = -27. Let t = -33 - c. Let j = -6 - t. List the prime factors of j.
7
Suppose 2*c + 92 = 2*l + 446, 3*c = -3*l + 507. List the prime factors of c.
173
Let t(i) be the third derivative of -i**5/60 - i**4/4 + 3*i**2. Suppose 15 = -r - 2*r. What are the prime factors of t(r)?
5
Let s(p) = p - 11. Suppose 2*h + 3*z = 32, 0 = 4*z - 8. List the prime factors of s(h).
2
Let a(m) = -2*m**2 - 3*m**2 + 9*m**2 - 1. Let i be a(4). Suppose i = 4*s + 19. List the prime factors of s.
11
Let b = -40 - -74. What are the prime factors of b?
2, 17
Let h(y) be the second derivative of y**5/20 - y**4/2 - 2*y**3/3 - 2*y**2 - 13*y. Let t be -14*(0 + 2/(-4)). What are the prime factors of h(t)?
17
Let j(b) = -50*b**3 - b**2. Let i be j(1). Let p = 92 + i. What are the prime factors of p?
41
Let x(g) be the second derivative of -g**5/20 - g**4/12 + g**3/6 + 7*g**2 + 3*g. List the prime factors of x(0).
2, 7
Suppose 4*d = 2*j + 718, 0*j = -j - 1. List the prime factors of d.
179
Let w(k) = k**2 - 4*k + 2. Let j be w(3). Let i(n) = 1 + 45*n - 21*n - 22*n - 8*n**3 + 2*n**2. What are the prime factors of i(j)?
3
List the prime factors of (8 - -117) + -3 + -2.
2, 3, 5
Suppose -4*m + 208 = -4*n - 0*m, 278 = -5*n - m. What are the prime factors of (-128)/(-10) - 11/n?
13
Let x(c) be the third derivative of 0 + 0*c + 1/3*c**3 + 2*c**2 + 1/24*c**4. What are the prime factors of x(3)?
5
Let x(m) = 18*m - 7. What are the prime factors of x(6)?
101
Suppose 0 = 3*t - 7*t + 24. Suppose -3*y = -t - 0. What are the prime factors of y?
2
Let f(w) = -14*w**2 - 3*w + 4. Let d be f(-4). What are the prime factors of d/(-28) - 3/7?
7
Suppose -w + 2 = -3. Suppose -6 = -2*q + 2*u, w = q + 3*u + 6. Suppose -d = 5*s - 1, 3*s = -2*d - q*d + 38. List the prime factors of d.
11
Suppose 5*f - 3*z - 22 - 20 = 0, 3*f - 2*z - 25 = 0. List the prime factors of f.
3
Let a(v) = -16*v + 2. List the prime factors of a(-2).
2, 17
Let g = 5 - 8. Let p(r) = 2*r - 6. Let w(v) = v - 2. Let q(d) = 4*p(d) - 11*w(d). List the prime factors of q(g).
7
Let a(m) = -m - 5. Let u be a(-8). Suppose -u*k = -4*f - 17, 2*k - f - 2*f - 10 = 0. List the prime factors of k.
11
Let f(d) = -d**2 + 0*d + 0*d + 1 - d**3 - d + 2*d. Let h be f(-2). List the prime factors of (-1)/2*(-42)/h.
7
Let f(w) = -3*w + 43. What are the prime factors of f(-23)?
2, 7
Let w = 246 - 23. List the prime factors of w.
223
Let c = 3 + 0. Suppose 0 = c*h + 2*h. Let s = 2 - h. List the prime factors of s.
2
Let b be (1 + -2)*(-30)/2. Let r(h) = 2*h + 18. Let m be r(-7). Suppose m*u - b = -u. List the prime factors of u.
3
Suppose 2*o + 4*g - 2*g = 14, 5 = -o + 5*g. Suppose o*f + 0*f = 5*b + 160, -5*b - 32 = -f. List the prime factors of f.
2
Suppose 0 = n - 2*n, 3*n = -2*l + 268. Suppose -3*f - l = -5*x + f, -f = x - 25. Let d = -15 + x. List the prime factors of d.
11
Let c be 1*(-3 + -6)/3. List the prime factors of 22 - (c + (-4)/(-1)).
3, 7
Let t = 814 - 451. What are the prime factors of t?
3, 11
List the prime factors of (-7)/(28/96)*-1.
2, 3
Suppose 3*f - 26 = f. Suppose -4*u = -7 - f. Suppose 36 = u*a - 24. List the prime factors of a.
2, 3
What are the prime factors of 5 + -1 - (16 - 14)?
2
Suppose -4*b = -4*z + 16, 7 = 2*b + z - 0. Let q(v) = 1 - b + 4*v. List the prime factors of q(2).
2
Suppose 8*k - 102 = 5*k. What are the prime factors of k?
2, 17
Suppose 3*z = -4*j + 7, -j - 1 = j - 3*z. Let n(c) = -c**2 + c. Let k be n(j). Suppose 4*l = -k + 48. List the prime factors of l.
2, 3
Let s be (-18)/(-24) - (-158)/(-8). Let b = 41 + s. List the prime factors of b.
2, 11
Let k = 8 + 3. Suppose 3*r = 22 + k. List the prime factors of r + (-2 - (-2 + 1)).
2, 5
Suppose -4*p + 5*x = -115, 4*x + 80 = 2*p + 18. Let v = p - 14. What are the prime factors of v?
11
Let b be (-150)/(-39) - 2/(-13). List the prime factors of (b - 6) + (4 - -1).
3
Let w = -115 + 169. What are the prime factors of w?
2, 3
Suppose -2 = w + 3. Let z = 3 - w. List the prime factors of z.
2
Let b = 102 - 67. Let i = b - 22. List the prime factors of i.
13
Suppose 161 = 4*q - 63. What are the prime factors of q?
2, 7
Let v = 29 - -1. Let y = 1 - 1. Suppose 5*q - 4*a - v = y, -8 - 10 = -3*q - 5*a. What are the prime factors of q?
2, 3
Let c(m) = -m**3 + 5*m**2 + m + 2. Suppose 2*z - 2 = 0, -6*b - 3*z = -b - 23. What are the prime factors of c(b)?
2, 11
Suppose -255 = -40*t + 35*t. What are the prime factors of t?
3, 17
What are the prime factors of 8/(-36) + (-434)/(-9)?
2, 3
Let f = 38 - -17. What are the prime factors of f?
5, 11
Let n = -10 - -14. Suppose r + 4*k = 31, -2*k = -n*r + k + 29. List the prime factors of r.
11
Let w(u) = -2*u - 10. Suppose g + 9*z - 4*z = -6, 26 = 4*g - 5*z. Suppose g*o - k = -31, -o - 5*k + 6 +